 when 221145 is divided by 110479.
187
Calculate the remainder when 94108 is divided by 8464.
1004
What is the remainder when 327584 is divided by 23306?
1300
What is the remainder when 215809644 is divided by 29?
25
Calculate the remainder when 48885 is divided by 164.
13
Calculate the remainder when 5679447 is divided by 31.
30
What is the remainder when 69706 is divided by 3317?
49
Calculate the remainder when 3962702 is divided by 350.
2
Calculate the remainder when 152676 is divided by 1229.
280
What is the remainder when 24507197 is divided by 2866?
31
What is the remainder when 126917 is divided by 518?
7
Calculate the remainder when 415119 is divided by 83007.
84
Calculate the remainder when 563436 is divided by 784.
524
What is the remainder when 5671280 is divided by 630134?
74
What is the remainder when 329263 is divided by 638?
55
What is the remainder when 492873 is divided by 491689?
1184
Calculate the remainder when 215961 is divided by 346.
57
Calculate the remainder when 543921 is divided by 1050.
21
Calculate the remainder when 56001358 is divided by 24.
22
What is the remainder when 10951997 is divided by 400?
397
Calculate the remainder when 3546693 is divided by 213.
30
What is the remainder when 792412 is divided by 1462?
8
What is the remainder when 413547 is divided by 206592?
363
Calculate the remainder when 1565602 is divided by 53981.
153
Calculate the remainder when 2499960 is divided by 499986.
30
Calculate the remainder when 44701 is divided by 2548.
1385
What is the remainder when 2513514 is divided by 2513469?
45
Calculate the remainder when 929460 is divided by 3.
0
What is the remainder when 27812343 is divided by 865?
863
Calculate the remainder when 132117 is divided by 132109.
8
Calculate the remainder when 1423468 is divided by 1942.
1924
Calculate the remainder when 223105 is divided by 2755.
2705
What is the remainder when 278091 is divided by 12627?
297
Calculate the remainder when 20724787 is divided by 945.
937
Calculate the remainder when 1101047 is divided by 6668.
827
Calculate the remainder when 257075 is divided by 45.
35
Calculate the remainder when 12228438 is divided by 98.
96
Calculate the remainder when 17706913 is divided by 460.
133
What is the remainder when 37692108 is divided by 58?
54
What is the remainder when 7162318 is divided by 66?
64
Calculate the remainder when 8934128 is divided by 188.
180
Calculate the remainder when 978870232 is divided by 986.
984
Calculate the remainder when 9593896 is divided by 12724.
0
What is the remainder when 523159 is divided by 418?
241
Calculate the remainder when 88800298 is divided by 5193.
5191
Calculate the remainder when 731285 is divided by 22160.
5
Calculate the remainder when 383820 is divided by 4171.
88
What is the remainder when 397235 is divided by 1822?
39
What is the remainder when 801930 is divided by 48?
42
What is the remainder when 2866733 is divided by 136?
125
What is the remainder when 12441693 is divided by 64?
29
What is the remainder when 118834929 is divided by 23766985?
4
What is the remainder when 1696228 is divided by 459?
223
Calculate the remainder when 6712241 is divided by 407.
404
What is the remainder when 3252800 is divided by 42243?
89
Calculate the remainder when 130772 is divided by 42074.
4550
Calculate the remainder when 2055310 is divided by 1027651.
8
What is the remainder when 3637239 is divided by 1818615?
9
Calculate the remainder when 9939394 is divided by 30.
4
Calculate the remainder when 143436 is divided by 340.
296
What is the remainder when 3729917 is divided by 30573?
11
Calculate the remainder when 3800267 is divided by 30.
17
What is the remainder when 261249 is divided by 150?
99
Calculate the remainder when 993069 is divided by 676.
25
What is the remainder when 122785 is divided by 5132?
4749
What is the remainder when 1095885 is divided by 547890?
105
What is the remainder when 41496 is divided by 6454?
2772
What is the remainder when 2052235 is divided by 4?
3
What is the remainder when 604652 is divided by 50382?
68
What is the remainder when 60364160 is divided by 933?
926
Calculate the remainder when 12235129 is divided by 6117563.
3
What is the remainder when 14245074 is divided by 2374178?
6
Calculate the remainder when 287293 is divided by 1077.
811
What is the remainder when 132485 is divided by 2562?
1823
Calculate the remainder when 9123572 is divided by 294304.
148
What is the remainder when 445673441 is divided by 122?
121
What is the remainder when 105598330 is divided by 35199440?
10
Calculate the remainder when 56321457 is divided by 6390.
6387
Calculate the remainder when 15643778 is divided by 147.
38
Calculate the remainder when 956418 is divided by 119551.
10
Calculate the remainder when 2344329 is divided by 11.
9
Calculate the remainder when 5114016 is divided by 365285.
26
What is the remainder when 1007077 is divided by 71931?
43
Calculate the remainder when 724726 is divided by 237.
217
Calculate the remainder when 10051164 is divided by 5025518.
128
What is the remainder when 32914 is divided by 140?
14
Calculate the remainder when 83173030 is divided by 291.
283
What is the remainder when 23917143 is divided by 622?
621
What is the remainder when 1136691 is divided by 1373?
1220
Calculate the remainder when 72153982 is divided by 1428.
1426
Calculate the remainder when 4405841 is divided by 209801.
20
What is the remainder when 1137648 is divided by 20683?
83
Calculate the remainder when 210649 is divided by 15708.
6445
Calculate the remainder when 537042 is divided by 179003.
33
What is the remainder when 5821613 is divided by 2169?
17
What is the remainder when 6399432 is divided by 1535?
17
What is the remainder when 35849357 is divided by 689?
687
Calculate the remainder when 1917655 is divided by 1068.
595
What is the remainder when 1815548 is divided by 344?
260
Calculate the remainder when 1033633 is divided by 644.
13
Calculate the remainder when 572331 is divided by 81646.
809
What is the remainder when 5339730 is divided by 9744?
18
What is the remainder when 502828 is divided by 251001?
826
Calculate the remainder when 140541443 is divided by 294.
35
What is the remainder when 1882392 is divided by 57039?
105
What is the remainder when 1532541 is divided by 25?
16
What is the remainder when 220030 is divided by 3383?
135
Calculate the remainder when 2505257 is divided by 6663.
6632
What is the remainder when 1419383 is divided by 1441?
1439
What is the remainder when 948108 is divided by 158016?
12
What is the remainder when 517460 is divided by 1284?
8
What is the remainder when 86988 is divided by 9095?
5133
What is the remainder when 1000503 is divided by 1110?
393
What is the remainder when 335411 is divided by 9279?
1367
Calculate the remainder when 5458475 is divided by 12.
11
What is the remainder when 4109579 is divided by 10?
9
What is the remainder when 38609650 is divided by 24?
10
What is the remainder when 33952727 is divided by 464?
455
Calculate the remainder when 94933 is divided by 220.
113
Calculate the remainder when 215980922 is divided by 53995227.
14
What is the remainder when 1102353 is divided by 1468?
1353
Calculate the remainder when 770887 is divided by 444.
103
What is the remainder when 85593 is divided by 4696?
1065
Calculate the remainder when 1852243 is divided by 17150.
43
Calculate the remainder when 9666839 is divided by 10.
9
What is the remainder when 468685 is divided by 18744?
85
What is the remainder when 77201 is divided by 1872?
449
Calculate the remainder when 20178 is divided by 4359.
2742
Calculate the remainder when 13940657 is divided by 341.
236
What is the remainder when 1632076 is divided by 1547?
1538
What is the remainder when 175196 is divided by 1208?
36
Calculate the remainder when 5575134 is divided by 192246.
0
Calculate the remainder when 19724869 is divided by 1678.
1657
What is the remainder when 178541 is divided by 63?
62
Calculate the remainder when 1851668 is divided by 24.
20
What is the remainder when 102697 is divided by 17052?
385
Calculate the remainder when 29787 is divided by 149.
136
Calculate the remainder when 179904 is divided by 257.
4
What is the remainder when 2339769 is 